
What is the remainder when 294160 is divided by 1772?
8
What is the remainder when 273413 is divided by 217?
210
Calculate the remainder when 9004 is divided by 220.
204
What is the remainder when 719314 is divided by 13?
11
Calculate the remainder when 29950 is divided by 416.
414
What is the remainder when 2389 is divided by 128?
85
Calculate the remainder when 239 is divided by 239.
0
Calculate the remainder when 10455 is divided by 2612.
7
Calculate the remainder when 16521 is divided by 306.
303
Calculate the remainder when 859444 is divided by 126.
124
What is the remainder when 863 is divided by 671?
192
What is the remainder when 1710 is divided by 161?
100
What is the remainder when 135523 is divided by 67759?
5
What is the remainder when 4548 is divided by 1077?
240
Calculate the remainder when 110458 is divided by 98.
12
Calculate the remainder when 12912 is divided by 4304.
0
What is the remainder when 2777 is divided by 375?
152
Calculate the remainder when 11176 is divided by 266.
4
Calculate the remainder when 3445 is divided by 539.
211
What is the remainder when 12665 is divided by 41?
37
Calculate the remainder when 3477 is divided by 235.
187
What is the remainder when 5984 is divided by 960?
224
Calculate the remainder when 43340 is divided by 14.
10
Calculate the remainder when 9000 is divided by 780.
420
Calculate the remainder when 64066 is divided by 1938.
112
What is the remainder when 1143 is divided by 233?
211
What is the remainder when 96672 is divided by 91?
30
What is the remainder when 347 is divided by 317?
30
What is the remainder when 16982 is divided by 4245?
2
Calculate the remainder when 42395 is divided by 43.
40
What is the remainder when 20211 is divided by 12?
3
What is the remainder when 3849 is divided by 1287?
1275
Calculate the remainder when 224567 is divided by 23.
18
What is the remainder when 17891 is divided by 17623?
268
What is the remainder when 6669 is divided by 455?
299
Calculate the remainder when 2006 is divided by 15.
11
What is the remainder when 31801 is divided by 274?
17
What is the remainder when 6536 is divided by 309?
47
What is the remainder when 35384 is divided by 17676?
32
Calculate the remainder when 13845 is divided by 96.
21
Calculate the remainder when 6892 is divided by 688.
12
What is the remainder when 11008 is divided by 907?
124
What is the remainder when 116793 is divided by 392?
369
What is the remainder when 74498 is divided by 57?
56
Calculate the remainder when 31685 is divided by 5279.
11
What is the remainder when 27545 is divided by 6883?
13
Calculate the remainder when 211407 is divided by 14093.
12
Calculate the remainder when 1108647 is divided by 389.
386
Calculate the remainder when 660 is divided by 37.
31
Calculate the remainder when 7317 is divided by 305.
302
What is the remainder when 392 is divided by 363?
29
What is the remainder when 6648 is divided by 25?
23
Calculate the remainder when 5002 is divided by 530.
232
Calculate the remainder when 5416 is divided by 20.
16
What is the remainder when 68929 is divided by 547?
7
Calculate the remainder when 236310 is divided by 4.
2
Calculate the remainder when 1682997 is divided by 34.
31
What is the remainder when 1594 is divided by 487?
133
What is the remainder when 42213 is divided by 12?
9
Calculate the remainder when 33655 is divided by 495.
490
Calculate the remainder when 22712 is divided by 48.
8
Calculate the remainder when 12142926 is divided by 599.
597
What is the remainder when 43612 is divided by 794?
736
What is the remainder when 175538 is divided by 655?
653
What is the remainder when 1381602 is divided by 51?
12
Calculate the remainder when 264160 is divided by 110.
50
Calculate the remainder when 16299 is divided by 8144.
11
What is the remainder when 41882 is divided by 18?
14
Calculate the remainder when 66853 is divided by 13.
7
What is the remainder when 18466 is divided by 77?
63
What is the remainder when 1815 is divided by 30?
15
What is the remainder when 10589 is divided by 21?
5
Calculate the remainder when 22982 is divided by 229.
82
What is the remainder when 1971 is divided by 493?
492
Calculate the remainder when 3913 is divided by 178.
175
What is the remainder when 937 is divided by 128?
41
What is the remainder when 1501993 is divided by 82?
81
Calculate the remainder when 167067 is divided by 15.
12
Calculate the remainder when 531 is divided by 5.
1
What is the remainder when 6157 is divided by 81?
1
What is the remainder when 4660 is divided by 233?
0
What is the remainder when 18005 is divided by 1298?
1131
What is the remainder when 33547 is divided by 1681?
1608
Calculate the remainder when 21239 is divided by 62.
35
Calculate the remainder when 203 is divided by 2.
1
Calculate the remainder when 312333 is divided by 666.
645
Calculate the remainder when 229342 is divided by 1052.
6
Calculate the remainder when 8197 is divided by 328.
325
Calculate the remainder when 199096 is divided by 66349.
49
Calculate the remainder when 1548 is divided by 40.
28
What is the remainder when 23136 is divided by 11?
3
What is the remainder when 31580 is divided by 15782?
16
What is the remainder when 73601 is divided by 92?
1
What is the remainder when 7049 is divided by 169?
120
What is the remainder when 438151 is divided by 27?
22
Calculate the remainder when 89169 is divided by 501.
492
What is the remainder when 22438 is divided by 55?
53
What is the remainder when 164387 is divided by 37?
33
Calculate the remainder when 30574 is divided by 30562.
12
What is the remainder when 2712 is divided by 524?
92
What is the remainder when 18745 is divided by 3748?
5
Calculate the remainder when 30497 is divided by 953.
1
What is the remainder when 15132 is divided by 473?
469
What is the remainder when 391 is divided by 329?
62
What is the remainder when 161849 is divided by 78?
77
What is the remainder when 37867 is divided by 557?
548
Calculate the remainder when 23076 is divided by 2306.
16
What is the remainder when 1209122 is divided by 85?
82
Calculate the remainder when 34032 is divided by 3756.
228
Calculate the remainder when 1852 is divided by 1412.
440
Calculate the remainder when 9450 is divided by 92.
66
What is the remainder when 56931 is divided by 358?
9
Calculate the remainder when 290 is divided by 245.
45
Calculate the remainder when 24443 is divided by 1201.
423
What is the remainder when 259 is divided by 35?
14
What is the remainder when 3110 is divided by 166?
122
What is the remainder when 61278 is divided by 222?
6
What is the remainder when 4936 is divided by 57?
34
Calculate the remainder when 506955 is divided by 168983.
6
Calculate the remainder when 353285 is divided by 341.
9
What is the remainder when 12811 is divided by 4254?
49
What is the remainder when 51267 is divided by 91?
34
What is the remainder when 12515 is divided by 694?
23
What is the remainder when 590 is divided by 127?
82
What is the remainder when 268252 is divided by 147?
124
What is the remainder when 769487 is divided by 12?
11
What is the remainder when 952898 is divided by 50?
48
Calculate the remainder when 3355 is divided by 834.
19
What is the remainder when 2010 is divided by 631?
117
What is the remainder when 80276 is divided by 24?
20
Calculate the remainder when 140505 is divided by 9.
6
Calculate the remainder when 4221636 is divided by 20.
16
What is the remainder when 532 is divided by 107?
104
Calculate the remainder when 61498 is divided by 150.
148
What is the remainder when 103448 is divided by 6896?
8
Calculate the remainder when 8432 is divided by 8397.
35
Calculate the remainder when 13589 is divided by 1358.
9
Calculate the remainder when 16686 is divided by 2918.
2096
What is the remainder when 2399365 is divided by 951?
943
What is the remainder when 6230 is divided by 345?
20
Calculate the remainder when 50011 is divided by 2003.
1939
What is the remainder when 15822 is divided by 107?
93
Calculate the remainder when 25351 is divided by 63.
25
What is the remainder when 69323 is divided by 159?
158
Calculate the remainder when 193629 is divided by 853.
851
Calculate the remainder when 13782 is divided by 920.
902
What is the remainder when 83389